{"id":4439,"date":"2020-08-04T14:28:14","date_gmt":"2020-08-04T14:28:14","guid":{"rendered":"http:\/\/sfv-halle-online.de\/?page_id=4439"},"modified":"2023-07-27T16:54:12","modified_gmt":"2023-07-27T14:54:12","slug":"sportgericht","status":"publish","type":"page","link":"https:\/\/sfv-halle.de\/?page_id=4439","title":{"rendered":"Sportgericht"},"content":{"rendered":"<p><div class=\"fusion-fullwidth fullwidth-box fusion-builder-row-1 nonhundred-percent-fullwidth non-hundred-percent-height-scrolling\" style=\"--awb-border-radius-top-left:0px;--awb-border-radius-top-right:0px;--awb-border-radius-bottom-right:0px;--awb-border-radius-bottom-left:0px;--awb-padding-right:10px;--awb-padding-left:10px;--awb-background-color:#efefef;--awb-flex-wrap:wrap;\" ><div class=\"fusion-builder-row fusion-row\"><div class=\"fusion-layout-column fusion_builder_column fusion-builder-column-0 fusion_builder_column_1_5 1_5 fusion-one-fifth fusion-column-first\" style=\"--awb-padding-top:10px;--awb-bg-size:cover;width:20%;width:calc(20% - ( ( 4% + 4% + 4% + 4% ) * 0.2 ) );margin-right: 4%;\"><div class=\"fusion-column-wrapper fusion-column-has-shadow fusion-flex-column-wrapper-legacy\"><div class=\"fusion-person person fusion-person-center fusion-person-1 fusion-person-icon-top\" style=\"--awb-pic-style-color:#000000;--awb-pic-borderradius:0px;--awb-margin-top:0px;--awb-margin-right:0px;--awb-margin-bottom:0px;--awb-margin-left:0px;--awb-social-box-border-top:0px;--awb-social-box-border-right:0px;--awb-social-box-border-bottom:0px;--awb-social-box-border-left:0px;--awb-social-box-border-color:var(--awb-color3);--awb-social-box-border-color-hover:var(--awb-color4);--awb-social-box-colors-hover:rgba(232,232,232,0.8);--awb-social-icon-boxed-colors:#e8e8e8;--awb-social-icon-colors:#bebdbd;--awb-social-icon-colors-hover:rgba(190,189,189,0.8);\"><div class=\"person-shortcode-image-wrapper\"><div class=\"person-image-container hover-type-none glow\" style=\"border:0px solid #f6f6f6;-webkit-box-shadow: 0 0 3px rgba(0,0,0,0.3);box-shadow: 0 0 3px rgba(0,0,0,0.3);-webkit-border-radius:0px;-moz-border-radius:0px;border-radius:0px;\"><img decoding=\"async\" class=\"person-img img-responsive wp-image-2037\" width=\"300\" height=\"300\" src=\"https:\/\/sfv-halle.de\/wp-content\/uploads\/2019\/09\/list.v1-e1567941451154.jpg\" alt=\"Hartmut List\" srcset=\"https:\/\/sfv-halle.de\/wp-content\/uploads\/2019\/09\/list.v1-e1567941451154-200x200.jpg 200w, https:\/\/sfv-halle.de\/wp-content\/uploads\/2019\/09\/list.v1-e1567941451154.jpg 300w\" sizes=\"(max-width: 800px) 100vw, 300px\" \/><\/div><\/div><div class=\"person-desc\"><div class=\"person-author\"><div class=\"person-author-wrapper\"><span class=\"person-name\">Hartmut List<\/span><span class=\"person-title\">Vorsitzender Sportgericht<\/span><\/div><div class=\"fusion-social-networks\"><div class=\"fusion-social-networks-wrapper\"><a class=\"fusion-social-network-icon fusion-tooltip fusion-mail awb-icon-mail custom\" aria-label=\"fusion-mail\" href=\"mailto:h&#097;&#114;t&#109;&#117;t&#046;l&#105;st&#064;lv&#119;a.&#115;a&#099;&#104;&#115;&#101;&#110;&#045;anh&#097;l&#116;&#046;d&#101;\" target=\"_self\" style=\"color:#bebdbd;font-size:16px;\" data-placement=\"top\" data-title=\"Mail\" title=\"Mail\" data-toggle=\"tooltip\"><\/a><\/div><\/div><\/div><div class=\"person-content fusion-clearfix\">Schulstra\u00dfe 15<br \/>06193 Petersberg<br \/>OT Gutenberg<\/p>\n<p>Mobil:<br \/>0170 5442717<\/p>\n<p>Telefon:<br \/>034606 29006 (p)<\/p>\n<p>Telefon:<br \/>0345 5143247 (d)<\/p>\n<\/div><\/div><\/div><div class=\"fusion-clearfix\"><\/div><\/div><\/div><div class=\"fusion-layout-column fusion_builder_column fusion-builder-column-1 fusion_builder_column_1_5 1_5 fusion-one-fifth\" style=\"--awb-padding-top:10px;--awb-bg-size:cover;width:20%;width:calc(20% - ( ( 4% + 4% + 4% + 4% ) * 0.2 ) );margin-right: 4%;\"><div class=\"fusion-column-wrapper fusion-column-has-shadow fusion-flex-column-wrapper-legacy\"><div class=\"fusion-person person fusion-person-center fusion-person-2 fusion-person-icon-top\" style=\"--awb-pic-style-color:#000000;--awb-pic-borderradius:0px;--awb-margin-top:0px;--awb-margin-right:0px;--awb-margin-bottom:0px;--awb-margin-left:0px;--awb-social-box-border-top:0px;--awb-social-box-border-right:0px;--awb-social-box-border-bottom:0px;--awb-social-box-border-left:0px;--awb-social-box-border-color:var(--awb-color3);--awb-social-box-border-color-hover:var(--awb-color4);--awb-social-box-colors-hover:rgba(232,232,232,0.8);--awb-social-icon-boxed-colors:#e8e8e8;--awb-social-icon-colors:#bebdbd;--awb-social-icon-colors-hover:rgba(190,189,189,0.8);\"><div class=\"person-shortcode-image-wrapper\"><div class=\"person-image-container hover-type-none glow\" style=\"border:0px solid #f6f6f6;-webkit-box-shadow: 0 0 3px rgba(0,0,0,0.3);box-shadow: 0 0 3px rgba(0,0,0,0.3);-webkit-border-radius:0px;-moz-border-radius:0px;border-radius:0px;\"><img decoding=\"async\" class=\"person-img img-responsive wp-image-2045\" width=\"300\" height=\"300\" src=\"https:\/\/sfv-halle.de\/wp-content\/uploads\/2019\/09\/haendel.v1-e1567942027208.jpg\" alt=\"Sascha H\u00e4ndel\" srcset=\"https:\/\/sfv-halle.de\/wp-content\/uploads\/2019\/09\/haendel.v1-e1567942027208-200x200.jpg 200w, https:\/\/sfv-halle.de\/wp-content\/uploads\/2019\/09\/haendel.v1-e1567942027208.jpg 300w\" sizes=\"(max-width: 800px) 100vw, 300px\" \/><\/div><\/div><div class=\"person-desc\"><div class=\"person-author\"><div class=\"person-author-wrapper\"><span class=\"person-name\">Sascha H\u00e4ndel<\/span><span class=\"person-title\">Beisitzer<\/span><\/div><div class=\"fusion-social-networks\"><div class=\"fusion-social-networks-wrapper\"><a class=\"fusion-social-network-icon fusion-tooltip fusion-mail awb-icon-mail custom\" aria-label=\"fusion-mail\" href=\"mailto:sa&#115;c&#104;aha&#101;n&#100;e&#108;&#064;&#103;&#109;&#120;.net\" target=\"_self\" style=\"color:#bebdbd;font-size:16px;\" data-placement=\"top\" data-title=\"Mail\" title=\"Mail\" data-toggle=\"tooltip\"><\/a><\/div><\/div><\/div><div class=\"person-content fusion-clearfix\">Weidenplan 19<br \/>06108 Halle<\/p>\n<p>Mobil:<br \/>0170 2406069<\/p>\n<p>Telefon:<br \/>0345 27983192<\/div><\/div><\/div><div class=\"fusion-clearfix\"><\/div><\/div><\/div><div class=\"fusion-layout-column fusion_builder_column fusion-builder-column-2 fusion_builder_column_1_5 1_5 fusion-one-fifth\" style=\"--awb-padding-top:10px;--awb-bg-size:cover;width:20%;width:calc(20% - ( ( 4% + 4% + 4% + 4% ) * 0.2 ) );margin-right: 4%;\"><div class=\"fusion-column-wrapper fusion-column-has-shadow fusion-flex-column-wrapper-legacy\"><div class=\"fusion-person person fusion-person-center fusion-person-3 fusion-person-icon-top\" style=\"--awb-pic-style-color:#000000;--awb-pic-borderradius:0px;--awb-margin-top:0px;--awb-margin-right:0px;--awb-margin-bottom:0px;--awb-margin-left:0px;--awb-social-box-border-top:0px;--awb-social-box-border-right:0px;--awb-social-box-border-bottom:0px;--awb-social-box-border-left:0px;--awb-social-box-border-color:var(--awb-color3);--awb-social-box-border-color-hover:var(--awb-color4);--awb-social-box-colors-hover:rgba(232,232,232,0.8);--awb-social-icon-boxed-colors:#e8e8e8;--awb-social-icon-colors:#bebdbd;--awb-social-icon-colors-hover:rgba(190,189,189,0.8);\"><div class=\"person-shortcode-image-wrapper\"><div class=\"person-image-container hover-type-none glow\" style=\"border:0px solid #f6f6f6;-webkit-box-shadow: 0 0 3px rgba(0,0,0,0.3);box-shadow: 0 0 3px rgba(0,0,0,0.3);-webkit-border-radius:0px;-moz-border-radius:0px;border-radius:0px;\"><img decoding=\"async\" class=\"person-img img-responsive wp-image-6507\" width=\"243\" height=\"288\" src=\"https:\/\/sfv-halle.de\/wp-content\/uploads\/2023\/07\/Platzhalter.png\" alt=\"Yusuf Aydinbas\" srcset=\"https:\/\/sfv-halle.de\/wp-content\/uploads\/2023\/07\/Platzhalter-200x237.png 200w, https:\/\/sfv-halle.de\/wp-content\/uploads\/2023\/07\/Platzhalter.png 243w\" sizes=\"(max-width: 800px) 100vw, 200px\" \/><\/div><\/div><div class=\"person-desc\"><div class=\"person-author\"><div class=\"person-author-wrapper\"><span class=\"person-name\">Yusuf Aydinbas<\/span><span class=\"person-title\">Beisitzer<\/span><\/div><div class=\"fusion-social-networks\"><div class=\"fusion-social-networks-wrapper\"><a class=\"fusion-social-network-icon fusion-tooltip fusion-mail awb-icon-mail custom\" aria-label=\"fusion-mail\" href=\"mailto:&#099;&#108;au&#100;ia&#046;z&#105;mmerm&#097;n&#110;&#064;&#111;u&#116;&#108;oo&#107;&#046;&#100;e\" target=\"_self\" style=\"color:#bebdbd;font-size:16px;\" data-placement=\"top\" data-title=\"Mail\" title=\"Mail\" data-toggle=\"tooltip\"><\/a><\/div><\/div><\/div><div class=\"person-content fusion-clearfix\">\n<\/div><\/div><\/div><div class=\"fusion-clearfix\"><\/div><\/div><\/div><div class=\"fusion-layout-column fusion_builder_column fusion-builder-column-3 fusion_builder_column_1_5 1_5 fusion-one-fifth\" style=\"--awb-padding-top:10px;--awb-bg-size:cover;width:20%;width:calc(20% - ( ( 4% + 4% + 4% + 4% ) * 0.2 ) );margin-right: 4%;\"><div class=\"fusion-column-wrapper fusion-column-has-shadow fusion-flex-column-wrapper-legacy\"><div class=\"fusion-person person fusion-person-center fusion-person-4 fusion-person-icon-top\" style=\"--awb-pic-style-color:#000000;--awb-pic-borderradius:0px;--awb-margin-top:0px;--awb-margin-right:0px;--awb-margin-bottom:0px;--awb-margin-left:0px;--awb-social-box-border-top:0px;--awb-social-box-border-right:0px;--awb-social-box-border-bottom:0px;--awb-social-box-border-left:0px;--awb-social-box-border-color:var(--awb-color3);--awb-social-box-border-color-hover:var(--awb-color4);--awb-social-box-colors-hover:rgba(232,232,232,0.8);--awb-social-icon-boxed-colors:#e8e8e8;--awb-social-icon-colors:#bebdbd;--awb-social-icon-colors-hover:rgba(190,189,189,0.8);\"><div class=\"person-shortcode-image-wrapper\"><div class=\"person-image-container hover-type-none glow\" style=\"border:0px solid #f6f6f6;-webkit-box-shadow: 0 0 3px rgba(0,0,0,0.3);box-shadow: 0 0 3px rgba(0,0,0,0.3);-webkit-border-radius:0px;-moz-border-radius:0px;border-radius:0px;\"><img decoding=\"async\" class=\"person-img img-responsive wp-image-2044\" width=\"300\" height=\"300\" src=\"https:\/\/sfv-halle.de\/wp-content\/uploads\/2019\/09\/habermann.v1-e1567941943878.jpg\" alt=\"Mark Habermann\" srcset=\"https:\/\/sfv-halle.de\/wp-content\/uploads\/2019\/09\/habermann.v1-e1567941943878-200x200.jpg 200w, https:\/\/sfv-halle.de\/wp-content\/uploads\/2019\/09\/habermann.v1-e1567941943878.jpg 300w\" sizes=\"(max-width: 800px) 100vw, 300px\" \/><\/div><\/div><div class=\"person-desc\"><div class=\"person-author\"><div class=\"person-author-wrapper\"><span class=\"person-name\">Mark Habermann<\/span><span class=\"person-title\">Beisitzer<\/span><\/div><div class=\"fusion-social-networks\"><div class=\"fusion-social-networks-wrapper\"><a class=\"fusion-social-network-icon fusion-tooltip fusion-mail awb-icon-mail custom\" aria-label=\"fusion-mail\" href=\"mailto:mar&#107;.fus&#115;&#098;&#097;l&#108;&#064;go&#111;g&#108;e&#109;&#097;&#105;l.&#099;om\" target=\"_self\" style=\"color:#bebdbd;font-size:16px;\" data-placement=\"top\" data-title=\"Mail\" title=\"Mail\" data-toggle=\"tooltip\"><\/a><\/div><\/div><\/div><div class=\"person-content fusion-clearfix\">Paul-Suhr-Stra\u00dfe 70<br \/>06130 Halle<\/p>\n<p>Mobil:<br \/>0173 3534412<\/p>\n<p>Telefon:<br \/>0345 29496733<\/div><\/div><\/div><div class=\"fusion-clearfix\"><\/div><\/div><\/div><div class=\"fusion-layout-column fusion_builder_column fusion-builder-column-4 fusion_builder_column_1_5 1_5 fusion-one-fifth fusion-column-last\" style=\"--awb-padding-top:10px;--awb-bg-size:cover;width:20%;width:calc(20% - ( ( 4% + 4% + 4% + 4% ) * 0.2 ) );\"><div class=\"fusion-column-wrapper fusion-column-has-shadow fusion-flex-column-wrapper-legacy\"><div class=\"fusion-person person fusion-person-center fusion-person-5 fusion-person-icon-top\" style=\"--awb-pic-style-color:#000000;--awb-pic-borderradius:0px;--awb-margin-top:0px;--awb-margin-right:0px;--awb-margin-bottom:0px;--awb-margin-left:0px;--awb-social-box-border-top:0px;--awb-social-box-border-right:0px;--awb-social-box-border-bottom:0px;--awb-social-box-border-left:0px;--awb-social-box-border-color:var(--awb-color3);--awb-social-box-border-color-hover:var(--awb-color4);--awb-social-box-colors-hover:rgba(232,232,232,0.8);--awb-social-icon-boxed-colors:#e8e8e8;--awb-social-icon-colors:#bebdbd;--awb-social-icon-colors-hover:rgba(190,189,189,0.8);\"><div class=\"person-shortcode-image-wrapper\"><div class=\"person-image-container hover-type-none glow\" style=\"border:0px solid #f6f6f6;-webkit-box-shadow: 0 0 3px rgba(0,0,0,0.3);box-shadow: 0 0 3px rgba(0,0,0,0.3);-webkit-border-radius:0px;-moz-border-radius:0px;border-radius:0px;\"><img decoding=\"async\" class=\"person-img img-responsive wp-image-4359\" width=\"200\" height=\"300\" src=\"https:\/\/sfv-halle.de\/wp-content\/uploads\/2020\/07\/JMfertig-1-e1689426184919-200x300.jpg\" alt=\"Janis M\u00fcller\" srcset=\"https:\/\/sfv-halle.de\/wp-content\/uploads\/2020\/07\/JMfertig-1-e1689426184919-200x300.jpg 200w, https:\/\/sfv-halle.de\/wp-content\/uploads\/2020\/07\/JMfertig-1-e1689426184919.jpg 300w\" sizes=\"(max-width: 800px) 100vw, 200px\" \/><\/div><\/div><div class=\"person-desc\"><div class=\"person-author\"><div class=\"person-author-wrapper\"><span class=\"person-name\">Janis M\u00fcller<\/span><span class=\"person-title\">Beisitzer<\/span><\/div><div class=\"fusion-social-networks\"><div class=\"fusion-social-networks-wrapper\"><a class=\"fusion-social-network-icon fusion-tooltip fusion-mail awb-icon-mail custom\" aria-label=\"fusion-mail\" href=\"mailto:&#106;&#097;n&#105;s&#109;u&#101;&#108;&#108;e&#114;1&#057;9&#051;&#064;&#119;eb.&#100;&#101;\" target=\"_self\" style=\"color:#bebdbd;font-size:16px;\" data-placement=\"top\" data-title=\"Mail\" title=\"Mail\" data-toggle=\"tooltip\"><\/a><\/div><\/div><\/div><div class=\"person-content fusion-clearfix\">Am Steintor 9<br \/>06112 Halle<\/p>\n<p>Mobil:<br \/>0176 46145107<\/div><\/div><\/div><div class=\"fusion-clearfix\"><\/div><\/div><\/div><\/div><\/div><div class=\"fusion-fullwidth fullwidth-box fusion-builder-row-2 nonhundred-percent-fullwidth non-hundred-percent-height-scrolling\" style=\"--awb-border-radius-top-left:0px;--awb-border-radius-top-right:0px;--awb-border-radius-bottom-right:0px;--awb-border-radius-bottom-left:0px;--awb-flex-wrap:wrap;\" ><div class=\"fusion-builder-row fusion-row\"><div class=\"fusion-layout-column fusion_builder_column fusion-builder-column-5 fusion_builder_column_1_1 1_1 fusion-one-full fusion-column-first fusion-column-last\" style=\"--awb-bg-size:cover;--awb-margin-top:100px;\"><div class=\"fusion-column-wrapper fusion-column-has-shadow fusion-flex-column-wrapper-legacy\"><div class=\"fusion-text fusion-text-1\"><p style=\"text-align: center;\"><strong>Organisation und Zust\u00e4ndigkeiten des Sportgerichtes des SFV Halle<\/strong><\/p>\n<p class=\"ql-align-center\"><strong>Organisation und Zust\u00e4ndigkeiten des Sportgerichtes des SFV Halle<\/strong><\/p>\n<div>Da laut \u00a7 2 Ziffer 2 der ReuVO in der Regel durch Einzelrichter entschieden wird, gelten grunds\u00e4tzlich folgende Zust\u00e4ndigkeiten bei der Bearbeitung von allen sportgerichtlichen Verfahren auf Antragstellung der Staffelleiter bzw. deren Ausschussvorsitzenden:<\/div>\n<ul>\n<li>Feldverweise, Nichtantreten, Unberechtigtes Mitwirken lassen von Spielern, Vorf\u00e4lle im Zusammenhang mit dem Spiel (wo die Strafbefugnis der Verwaltungsorgane ausgesch\u00f6pft ist)<\/li>\n<\/ul>\n<div>Sportkamerad Hartmut List \u2013 Stadtoberliga sowie Pokalspiele der M\u00e4nner (Stadtpokal)<\/div>\n<div>Sportkamerad Yusuf Aydinbas \u2013 Stadtliga der M\u00e4nner<\/div>\n<div>Sportkamerad Sascha H\u00e4ndel \u2013 1. Stadtklasse der M\u00e4nner und Reservepokal der M\u00e4nner<\/div>\n<div>Sportkamerad Janis M\u00fcller \u2013 2. Stadtklasse der M\u00e4nner sowie Vergehen von Trainern + Offiziellen im M\u00e4nnerspielbetrieb<\/div>\n<div>Sportkamerad Mark Habermann \u2013 Spielbetrieb der Nachwuchsmannschaften<\/div>\n<ul>\n<li>Bei Abwesenheit (Urlaub etc.) bzw. ist von einem Sportrichter der eigene Verein betroffen, wird dem Staffelleiter \/ Ausschussvorsitzenden ein entsprechender Vertreter mitgeteilt.<\/li>\n<li>Wenn die Rechtssache grunds\u00e4tzliche Bedeutung hat oder in tats\u00e4chlicher oder rechtlicher Hinsicht Schwierigkeiten aufweist, verweist der Einzelrichter diese Rechtssache an den Vorsitzenden des Sportgerichtes des SFV Halle. Daraufhin wird entschieden, ob das Sportgericht in Kollegialbesetzung dieses Verfahren schriftlich oder gar m\u00fcndlich weiterf\u00fchrt.<\/li>\n<li>Bei allen sonstigen Antr\u00e4gen oder Rechtsbehelfen wird durch den Vorsitzenden die Bearbeitungs- bzw. Verfahrensart gepr\u00fcft sowie der zust\u00e4ndige Bearbeiter festgelegt.<\/li>\n<\/ul>\n<\/div><div class=\"fusion-clearfix\"><\/div><\/div><\/div><\/div><\/div><\/p>\n","protected":false},"excerpt":{"rendered":"","protected":false},"author":4,"featured_media":0,"parent":0,"menu_order":0,"comment_status":"closed","ping_status":"closed","template":"","meta":{"footnotes":""},"class_list":["post-4439","page","type-page","status-publish","hentry"],"_links":{"self":[{"href":"https:\/\/sfv-halle.de\/index.php?rest_route=\/wp\/v2\/pages\/4439","targetHints":{"allow":["GET"]}}],"collection":[{"href":"https:\/\/sfv-halle.de\/index.php?rest_route=\/wp\/v2\/pages"}],"about":[{"href":"https:\/\/sfv-halle.de\/index.php?rest_route=\/wp\/v2\/types\/page"}],"author":[{"embeddable":true,"href":"https:\/\/sfv-halle.de\/index.php?rest_route=\/wp\/v2\/users\/4"}],"replies":[{"embeddable":true,"href":"https:\/\/sfv-halle.de\/index.php?rest_route=%2Fwp%2Fv2%2Fcomments&post=4439"}],"version-history":[{"count":33,"href":"https:\/\/sfv-halle.de\/index.php?rest_route=\/wp\/v2\/pages\/4439\/revisions"}],"predecessor-version":[{"id":6527,"href":"https:\/\/sfv-halle.de\/index.php?rest_route=\/wp\/v2\/pages\/4439\/revisions\/6527"}],"wp:attachment":[{"href":"https:\/\/sfv-halle.de\/index.php?rest_route=%2Fwp%2Fv2%2Fmedia&parent=4439"}],"curies":[{"name":"wp","href":"https:\/\/api.w.org\/{rel}","templated":true}]}}